2. Calculate the remainder when u is divided by 2.
1
Suppose -2 - 10 = -2*o. What is the remainder when 1/2 + 95/10 + 2 is divided by o/(-4)*(-28)/6?
5
Let t = 24 - -39. What is the remainder when t is divided by 22?
19
Let d(o) = -2*o + 20. What is the remainder when 125 is divided by d(-6)?
29
Suppose 0 = 3*j - 64 + 19. Let n = -90 - -134. Calculate the remainder when n is divided by j.
14
Let l be 7/(-1 + 0 + 2). Suppose 4*y + y = 40. Suppose 0 = l*k - 3*k - y. What is the remainder when 6 is divided by k?
0
Let s = 2 - 2. Let c(g) = g**2 + 5*g - 1. Let j be c(-6). Suppose 3*f = -p - 9, s = -4*p + 2*f + j + 15. What is the remainder when 6 is divided by p?
0
Suppose -6*f + 2*f + 8 = 0. Suppose k = -3*d + 2*d + 11, -f*d + 42 = 4*k. Calculate the remainder when k is divided by 4.
2
Let z = 18 - 18. What is the remainder when (16/(-4) - z)*-2 is divided by 5?
3
Suppose -4*i + 0*i = 32. Let c = i + 13. Suppose c*p = -v + 20, 3*v = -5*p + p + 5. Calculate the remainder when 9 is divided by p.
4
Suppose 0 = -y + 8*y - 70. Let c be (-20)/(-3) - 6/9. Suppose 16 = c*j - 2*j. Calculate the remainder when y is divided by j.
2
Calculate the remainder when 102*(1 + 4/(-8)) is divided by 13.
12
Suppose -2*h = -3*k - 9, -12 = 3*h + 5*k - k. Let m(x) = x**2 + x + 85. Calculate the remainder when m(h) is divided by 22.
19
Suppose i + 1 + 13 = -5*c, -c = 4. What is the remainder when 22 is divided by i?
4
What is the remainder when 49 - (1 + 0)*-1 is divided by 17?
16
Let y = 25 - 17. Suppose -2*r = -m - 8, -4*m + y = -8*m. Suppose -10 = r*f - 61. Calculate the remainder when 50 is divided by f.
16
Let q be -5 - (-3 + 0)/3. Let p = q - -7. Suppose 0 = 4*h - p*h - 11. Calculate the remainder when 20 is divided by h.
9
Suppose -4*c = -0*c - 68. Calculate the remainder when c is divided by 1 + -2*4/(-1).
8
Suppose s + 0 - 6 = 0. Calculate the remainder when 1 + -3 - (-7 - 21) is divided by s/(-21) - (-130)/14.
8
Let d = 167 - 114. Calculate the remainder when d is divided by 8.
5
Suppose 2*x + 71 + 31 = 0. Let v be (-3)/(3/x - 0). Suppose -k + v = 4*i, 0*i = 4*i - 5*k - 57. What is the remainder when 49 is divided by i?
10
Suppose -5*d = -5*t, 3*d - 4*d + 2 = t. Let f(s) = t - 2*s + s + 6. What is the remainder when f(-6) is divided by 5?
3
Let t(x) = 61*x + 2. Let i be t(-1). What is the remainder when 5 + -8 - (i - 2) is divided by 15?
13
Let m be (4/12)/((-2)/(-24)). Let o be 5/m*(-2 - -6). Suppose -o*v + 110 + 45 = 0. What is the remainder when v is divided by 11?
9
Suppose 5*u - 3 = 4*b - 24, 0 = -2*b + 2*u + 12. Let n = 32 - b. Suppose 0 = 5*x - 27 - n. What is the remainder when 28 is divided by x?
8
Let m(u) = -u**3 + 3*u**2 + u + 2. Let h = 4 - 2. Suppose -5*r - 2*o + 1 = -32, -2*r + 2*o + 2 = 0. What is the remainder when m(h) is divided by r?
3
Let t(b) = b**2 + b - 2. Let m = 5 - 3. Calculate the remainder when 15 is divided by t(m).
3
Suppose 24 + 63 = 3*x. What is the remainder when x is divided by 8?
5
What is the remainder when 112 is divided by 5/((-5)/3) - -26?
20
Suppose 0 = -2*z + 4*t - 14, 8*t + 5 = -2*z + 3*t. Let j(u) = -u**3 - 5*u**2 + 4*u + 4. Let w be j(z). What is the remainder when w/(-12)*6/1 is divided by 5?
3
Let u(m) = 3*m - 1. Let j be u(1). Let c = j - -1. Suppose -27 = -p + 3*i, -1 = -c*i - 7. Calculate the remainder when p is divided by 11.
10
Let g = 6 - 4. Suppose -g*r = -5*j - 52 + 168, -j = -r - 25. What is the remainder when j is divided by 12?
10
Let k(q) = -q**3 - 5*q**2 - 6*q - 6. Calculate the remainder when k(-4) is divided by 1.
0
Suppose 0 = -87*i + 90*i - 126. Let v(c) = -2*c + 5. What is the remainder when i is divided by v(-5)?
12
Suppose -2*w - 4 + 52 = 0. Let u be 2*1/(-6)*6. Calculate the remainder when 22 is divided by w*(u/(-4) - 0).
10
Let c(j) be the second derivative of j**4/12 - j**3 - j**2 + j. Let q be c(5). What is the remainder when (2 - 1)*1 - q is divided by 3?
2
Let g(s) = -2*s + 1. Let c(b) = b**3 + 6*b**2 - 4*b + 2. Calculate the remainder when c(-6) is divided by g(-4).
8
Suppose -5*r = 5*f - 95, -70 = -4*r - 3*f + 3. Let k = 100 + -54. Calculate the remainder when k is divided by r.
14
Suppose -60 = -d - 3*d. Suppose k - d = 6. Let j = -10 + 18. What is the remainder when k is divided by j?
5
Let u(t) = -9*t - 10. Calculate the remainder when u(-5) is divided by 12.
11
Suppose -t = -2 - 2. Let i be t/6 - 436/(-12). Let j = i + -17. Calculate the remainder when j is divided by 11.
9
Suppose 0 = 4*w - 153 + 13. Let h be ((-32)/10)/((-2)/5). Calculate the remainder when w is divided by (h/6)/(4/54).
17
Let l = -10 - -32. Suppose -z + 3 = k, -3*z + k = 6*k + 1. What is the remainder when l is divided by z?
6
Let v = 8 - 6. Suppose -2*j = -2*m + 6, 5*m - 28 = -j - 1. Suppose -3*w - n = -m - 0, -2*n = -2*w + 6. What is the remainder when w is divided by v?
0
Let g = 25 + -23. What is the remainder when 11 is divided by g?
1
Suppose -3*a - 5 + 2 = 0. Let g(w) = -24*w + 1. What is the remainder when g(a) is divided by (5 + -3 - 4) + 11?
7
Calculate the remainder when 22 is divided by 1*5*2/(-4)*-2.
2
Let u = 5 - 2. Let z(y) = y**3 + 5*y**2 - 3*y - 5. Let w be z(-5). Let x = w - u. What is the remainder when x is divided by 4?
3
Let c be (36/(-30))/((-6)/440). Suppose 122 = 5*a - c. Calculate the remainder when a is divided by 22.
20
Let w(z) = -z + 2. Let s = 6 - 11. Calculate the remainder when ((-3)/9)/((-1)/57) is divided by w(s).
5
Suppose -2*d + 3*p + 1 = -5, 0 = 5*p. What is the remainder when (2 + (-4)/d)*24 is divided by (28 + -10)/(-1 + 3)?
7
Suppose -5*b = -b - 28. Let x = -35 - -27. Let u(y) = -6*y - 21. What is the remainder when u(x) is divided by b?
6
Let x(c) = -c + 1. Calculate the remainder when x(-10) is divided by 8.
3
Let g = 30 + -26. What is the remainder when 11 is divided by g?
3
Let d(j) = 7*j - 8. What is the remainder when d(8) is divided by 25?
23
Let w(f) = 18*f**2 - f. What is the remainder when w(-1) is divided by 10?
9
Suppose 0 = -6*a + 2*a + 20. Suppose -a*s + 151 + 46 = 4*v, -2*s - 119 = -3*v. Calculate the remainder when v is divided by 22.
21
Suppose 2*u = 5*u - 228. What is the remainder when u is divided by 26?
24
Let q(v) = 2*v + 6. Let a be q(-7). Calculate the remainder when 20 is divided by 23/3 - a/(-12).
6
Let d(m) = -2*m + 3. Let u be d(-5). Let g = u + 2. Calculate the remainder when 28 is divided by g.
13
Suppose -64*a - 28 = -65*a. What is the remainder when 138 is divided by a?
26
Suppose 0 = -4*m + 34 + 34. Suppose -q = -3*q + 22. Suppose -5*g = s + q, 2 = -0*s + 2*s + 4*g. What is the remainder when m is divided by s?
8
Suppose 0*z + 3*z = -s + 19, -s - 4*z = -17. Let d = 137 - 39. What is the remainder when d is divided by s?
23
Let m(y) = -y - 8. Let x be m(-12). Suppose 3 = x*a - 3*a. Suppose -4*u + 243 = a*h, -2*u + 0*h + 119 = h. Calculate the remainder when u is divided by 15.
12
Suppose 5*a - 22 = 2*a - 5*g, -4*g + 5 = a. What is the remainder when 17 is divided by (-2)/a - (-188)/36?
2
Suppose 1 = -u - 5. Let r(v) = -v**3 - 6*v**2 + 3. Calculate the remainder when 5 is divided by r(u).
2
Let w(q) = q**2 + 2*q - 7. What is the remainder when w(-6) is divided by 5?
2
Let j(u) be the third derivative of u**5/60 + 3*u**4/8 - u**3 - 3*u**2. Let s be j(-7). What is the remainder when 15 is divided by s/6*72/(-30)?
7
Let m(n) = n**2 - 2*n + 1. Let j be m(1). Suppose j = -3*k + k + 46. What is the remainder when k is divided by 12?
11
Suppose 4*a = -4*j + 36, 4*a + 15 - 41 = -2*j. Suppose 13 = -5*w + 88. What is the remainder when w is divided by a?
3
What is the remainder when 17 is divided by (2/(-6))/((-3)/45)?
2
Suppose 2*a = -a + 222. Calculate the remainder when a is divided by 25.
24
Let m(b) be the first derivative of b**3/3 - 3*b**2/2 - 2*b - 3. Let s be m(4). Suppose s*v - 52 = -0*v. What is the remainder when v is divided by 14?
12
Suppose -2*m + 38 = 3*b, 3*m + 19 = 5*b - 19. Calculate the remainder when b is divided by 6.
4
Calculate the remainder when 3 + -118*(-4 - -3) is divided by 18.
13
Let y(x) be the second derivative of 3*x**3 - 2*x**2 - 3*x. Calculate the remainder when y(3) is divided by 17.
16
Let m(h) = 26*h - 6. Calculate the remainder when m(3) is divided by 37.
35
Suppose 6*k + 29 = 173. What is the remainder when k